{"id":224,"date":"2025-09-01T14:28:43","date_gmt":"2025-09-01T17:28:43","guid":{"rendered":"https:\/\/oprlogistica.com.br\/site\/?page_id=224"},"modified":"2025-09-01T18:24:14","modified_gmt":"2025-09-01T21:24:14","slug":"canal-de-denuncias","status":"publish","type":"page","link":"https:\/\/oprlogistica.com.br\/site\/contato\/canal-de-denuncias\/","title":{"rendered":"Canal de Den\u00fancias"},"content":{"rendered":"<p data-start=\"134\" data-end=\"367\">Na OPR Log\u00edstica, prezamos pela \u00e9tica, transpar\u00eancia e integridade em todas as nossas rela\u00e7\u00f5es. Por isso, disponibilizamos um <strong data-start=\"260\" data-end=\"282\">Canal de Den\u00fancias<\/strong> seguro e sigiloso, voltado para colaboradores, clientes, fornecedores e parceiros.<\/p>\n<p data-start=\"369\" data-end=\"544\">Esse canal pode ser utilizado para relatar, de forma an\u00f4nima ou identificada, situa\u00e7\u00f5es que violem nosso C\u00f3digo de Conduta, legisla\u00e7\u00f5es vigentes ou pol\u00edticas internas, como:<\/p>\n<ul data-start=\"545\" data-end=\"690\">\n<li data-start=\"545\" data-end=\"580\">\n<p data-start=\"547\" data-end=\"580\">Pr\u00e1ticas anti\u00e9ticas ou ilegais;<\/p>\n<\/li>\n<li data-start=\"581\" data-end=\"610\">\n<p data-start=\"583\" data-end=\"610\">Ass\u00e9dio ou discrimina\u00e7\u00e3o;<\/p>\n<\/li>\n<li data-start=\"611\" data-end=\"638\">\n<p data-start=\"613\" data-end=\"638\">Conflitos de interesse;<\/p>\n<\/li>\n<li data-start=\"639\" data-end=\"662\">\n<p data-start=\"641\" data-end=\"662\">Fraudes ou desvios;<\/p>\n<\/li>\n<li data-start=\"663\" data-end=\"690\">\n<p data-start=\"665\" data-end=\"690\">Outras irregularidades.<\/p>\n<\/li>\n<\/ul>\n<p data-start=\"692\" data-end=\"867\">Todas as manifesta\u00e7\u00f5es recebidas s\u00e3o tratadas com seriedade, confidencialidade e imparcialidade, garantindo investiga\u00e7\u00e3o adequada e medidas corretivas sempre que necess\u00e1rio.<\/p>\n<p data-start=\"869\" data-end=\"1011\"> <strong data-start=\"872\" data-end=\"1009\">Na OPR Log\u00edstica, sua voz tem valor. Denuncie com seguran\u00e7a e nos ajude a fortalecer um ambiente cada vez mais \u00edntegro e respons\u00e1vel.<\/strong><\/p>\n<p>&nbsp;<\/p>\n","protected":false},"excerpt":{"rendered":"<p>Na OPR Log\u00edstica, prezamos pela \u00e9tica, transpar\u00eancia e integridade em todas as nossas rela\u00e7\u00f5es. Por isso, disponibilizamos um Canal de Den\u00fancias [&hellip;]<\/p>\n","protected":false},"author":1,"featured_media":0,"parent":18,"menu_order":7,"comment_status":"closed","ping_status":"closed","template":"page-canal.php","meta":{"_acf_changed":false,"footnotes":""},"class_list":["post-224","page","type-page","status-publish","hentry"],"acf":[],"yoast_head":"<!-- This site is optimized with the Yoast SEO plugin v26.0 - https:\/\/yoast.com\/wordpress\/plugins\/seo\/ -->\n<title>Canal de Den\u00fancias - OPR Log\u00edstica | Transporte e Solu\u00e7\u00f5es Log\u00edsticas Inteligentes no Brasil<\/title>\n<meta name=\"robots\" content=\"index, follow, max-snippet:-1, max-image-preview:large, max-video-preview:-1\" \/>\n<link rel=\"canonical\" href=\"https:\/\/oprlogistica.com.br\/site\/contato\/canal-de-denuncias\/\" \/>\n<meta property=\"og:locale\" content=\"pt_BR\" \/>\n<meta property=\"og:type\" content=\"article\" \/>\n<meta property=\"og:title\" content=\"Canal de Den\u00fancias - OPR Log\u00edstica | Transporte e Solu\u00e7\u00f5es Log\u00edsticas Inteligentes no Brasil\" \/>\n<meta property=\"og:description\" content=\"Na OPR Log\u00edstica, prezamos pela \u00e9tica, transpar\u00eancia e integridade em todas as nossas rela\u00e7\u00f5es. Por isso, disponibilizamos um Canal de Den\u00fancias [&hellip;]\" \/>\n<meta property=\"og:url\" content=\"https:\/\/oprlogistica.com.br\/site\/contato\/canal-de-denuncias\/\" \/>\n<meta property=\"og:site_name\" content=\"OPR Log\u00edstica | Transporte e Solu\u00e7\u00f5es Log\u00edsticas Inteligentes no Brasil\" \/>\n<meta property=\"article:modified_time\" content=\"2025-09-01T21:24:14+00:00\" \/>\n<meta name=\"twitter:card\" content=\"summary_large_image\" \/>\n<meta name=\"twitter:label1\" content=\"Est. tempo de leitura\" \/>\n\t<meta name=\"twitter:data1\" content=\"1 minuto\" \/>\n<script type=\"application\/ld+json\" class=\"yoast-schema-graph\">{\"@context\":\"https:\/\/schema.org\",\"@graph\":[{\"@type\":\"WebPage\",\"@id\":\"https:\/\/oprlogistica.com.br\/site\/contato\/canal-de-denuncias\/\",\"url\":\"https:\/\/oprlogistica.com.br\/site\/contato\/canal-de-denuncias\/\",\"name\":\"Canal de Den\u00fancias - OPR Log\u00edstica | Transporte e Solu\u00e7\u00f5es Log\u00edsticas Inteligentes no Brasil\",\"isPartOf\":{\"@id\":\"https:\/\/oprlogistica.com.br\/site\/#website\"},\"datePublished\":\"2025-09-01T17:28:43+00:00\",\"dateModified\":\"2025-09-01T21:24:14+00:00\",\"breadcrumb\":{\"@id\":\"https:\/\/oprlogistica.com.br\/site\/contato\/canal-de-denuncias\/#breadcrumb\"},\"inLanguage\":\"pt-BR\",\"potentialAction\":[{\"@type\":\"ReadAction\",\"target\":[\"https:\/\/oprlogistica.com.br\/site\/contato\/canal-de-denuncias\/\"]}]},{\"@type\":\"BreadcrumbList\",\"@id\":\"https:\/\/oprlogistica.com.br\/site\/contato\/canal-de-denuncias\/#breadcrumb\",\"itemListElement\":[{\"@type\":\"ListItem\",\"position\":1,\"name\":\"In\u00edcio\",\"item\":\"https:\/\/oprlogistica.com.br\/site\/\"},{\"@type\":\"ListItem\",\"position\":2,\"name\":\"Contato\",\"item\":\"https:\/\/oprlogistica.com.br\/site\/contato\/\"},{\"@type\":\"ListItem\",\"position\":3,\"name\":\"Canal de Den\u00fancias\"}]},{\"@type\":\"WebSite\",\"@id\":\"https:\/\/oprlogistica.com.br\/site\/#website\",\"url\":\"https:\/\/oprlogistica.com.br\/site\/\",\"name\":\"OPR Log\u00edstica | Transporte e Solu\u00e7\u00f5es Log\u00edsticas Inteligentes no Brasil\",\"description\":\"A OPR Log\u00edstica oferece transporte rodovi\u00e1rio, solu\u00e7\u00f5es integradas e gest\u00e3o eficiente para empresas em todo o Brasil. Comprometimento, tecnologia e excel\u00eancia em cada entrega.\",\"potentialAction\":[{\"@type\":\"SearchAction\",\"target\":{\"@type\":\"EntryPoint\",\"urlTemplate\":\"https:\/\/oprlogistica.com.br\/site\/?s={search_term_string}\"},\"query-input\":{\"@type\":\"PropertyValueSpecification\",\"valueRequired\":true,\"valueName\":\"search_term_string\"}}],\"inLanguage\":\"pt-BR\"}]}<\/script>\n<!-- \/ Yoast SEO plugin. -->","yoast_head_json":{"title":"Canal de Den\u00fancias - OPR Log\u00edstica | Transporte e Solu\u00e7\u00f5es Log\u00edsticas Inteligentes no Brasil","robots":{"index":"index","follow":"follow","max-snippet":"max-snippet:-1","max-image-preview":"max-image-preview:large","max-video-preview":"max-video-preview:-1"},"canonical":"https:\/\/oprlogistica.com.br\/site\/contato\/canal-de-denuncias\/","og_locale":"pt_BR","og_type":"article","og_title":"Canal de Den\u00fancias - OPR Log\u00edstica | Transporte e Solu\u00e7\u00f5es Log\u00edsticas Inteligentes no Brasil","og_description":"Na OPR Log\u00edstica, prezamos pela \u00e9tica, transpar\u00eancia e integridade em todas as nossas rela\u00e7\u00f5es. Por isso, disponibilizamos um Canal de Den\u00fancias [&hellip;]","og_url":"https:\/\/oprlogistica.com.br\/site\/contato\/canal-de-denuncias\/","og_site_name":"OPR Log\u00edstica | Transporte e Solu\u00e7\u00f5es Log\u00edsticas Inteligentes no Brasil","article_modified_time":"2025-09-01T21:24:14+00:00","twitter_card":"summary_large_image","twitter_misc":{"Est. tempo de leitura":"1 minuto"},"schema":{"@context":"https:\/\/schema.org","@graph":[{"@type":"WebPage","@id":"https:\/\/oprlogistica.com.br\/site\/contato\/canal-de-denuncias\/","url":"https:\/\/oprlogistica.com.br\/site\/contato\/canal-de-denuncias\/","name":"Canal de Den\u00fancias - OPR Log\u00edstica | Transporte e Solu\u00e7\u00f5es Log\u00edsticas Inteligentes no Brasil","isPartOf":{"@id":"https:\/\/oprlogistica.com.br\/site\/#website"},"datePublished":"2025-09-01T17:28:43+00:00","dateModified":"2025-09-01T21:24:14+00:00","breadcrumb":{"@id":"https:\/\/oprlogistica.com.br\/site\/contato\/canal-de-denuncias\/#breadcrumb"},"inLanguage":"pt-BR","potentialAction":[{"@type":"ReadAction","target":["https:\/\/oprlogistica.com.br\/site\/contato\/canal-de-denuncias\/"]}]},{"@type":"BreadcrumbList","@id":"https:\/\/oprlogistica.com.br\/site\/contato\/canal-de-denuncias\/#breadcrumb","itemListElement":[{"@type":"ListItem","position":1,"name":"In\u00edcio","item":"https:\/\/oprlogistica.com.br\/site\/"},{"@type":"ListItem","position":2,"name":"Contato","item":"https:\/\/oprlogistica.com.br\/site\/contato\/"},{"@type":"ListItem","position":3,"name":"Canal de Den\u00fancias"}]},{"@type":"WebSite","@id":"https:\/\/oprlogistica.com.br\/site\/#website","url":"https:\/\/oprlogistica.com.br\/site\/","name":"OPR Log\u00edstica | Transporte e Solu\u00e7\u00f5es Log\u00edsticas Inteligentes no Brasil","description":"A OPR Log\u00edstica oferece transporte rodovi\u00e1rio, solu\u00e7\u00f5es integradas e gest\u00e3o eficiente para empresas em todo o Brasil. Comprometimento, tecnologia e excel\u00eancia em cada entrega.","potentialAction":[{"@type":"SearchAction","target":{"@type":"EntryPoint","urlTemplate":"https:\/\/oprlogistica.com.br\/site\/?s={search_term_string}"},"query-input":{"@type":"PropertyValueSpecification","valueRequired":true,"valueName":"search_term_string"}}],"inLanguage":"pt-BR"}]}},"_links":{"self":[{"href":"https:\/\/oprlogistica.com.br\/site\/wp-json\/wp\/v2\/pages\/224","targetHints":{"allow":["GET"]}}],"collection":[{"href":"https:\/\/oprlogistica.com.br\/site\/wp-json\/wp\/v2\/pages"}],"about":[{"href":"https:\/\/oprlogistica.com.br\/site\/wp-json\/wp\/v2\/types\/page"}],"author":[{"embeddable":true,"href":"https:\/\/oprlogistica.com.br\/site\/wp-json\/wp\/v2\/users\/1"}],"replies":[{"embeddable":true,"href":"https:\/\/oprlogistica.com.br\/site\/wp-json\/wp\/v2\/comments?post=224"}],"version-history":[{"count":3,"href":"https:\/\/oprlogistica.com.br\/site\/wp-json\/wp\/v2\/pages\/224\/revisions"}],"predecessor-version":[{"id":282,"href":"https:\/\/oprlogistica.com.br\/site\/wp-json\/wp\/v2\/pages\/224\/revisions\/282"}],"up":[{"embeddable":true,"href":"https:\/\/oprlogistica.com.br\/site\/wp-json\/wp\/v2\/pages\/18"}],"wp:attachment":[{"href":"https:\/\/oprlogistica.com.br\/site\/wp-json\/wp\/v2\/media?parent=224"}],"curies":[{"name":"wp","href":"https:\/\/api.w.org\/{rel}","templated":true}]}}