{"id":228,"date":"2025-09-01T14:31:24","date_gmt":"2025-09-01T17:31:24","guid":{"rendered":"https:\/\/oprlogistica.com.br\/site\/?page_id=228"},"modified":"2025-09-18T09:58:23","modified_gmt":"2025-09-18T12:58:23","slug":"compromissos","status":"publish","type":"page","link":"https:\/\/oprlogistica.com.br\/site\/sustentabilidade\/compromissos\/","title":{"rendered":"Compromissos"},"content":{"rendered":"<p data-start=\"180\" data-end=\"449\">Na OPR Log\u00edstica, entendemos que confian\u00e7a se constr\u00f3i com responsabilidade, transpar\u00eancia e dedica\u00e7\u00e3o di\u00e1ria. Por isso, nossos compromissos refletem a forma como conduzimos nossos neg\u00f3cios e como nos relacionamos com clientes, colaboradores, parceiros e a sociedade.<\/p>\n<ul data-start=\"451\" data-end=\"1283\">\n<li data-start=\"451\" data-end=\"604\">\n<p data-start=\"453\" data-end=\"604\"><strong data-start=\"453\" data-end=\"483\">Seguran\u00e7a e Confiabilidade<\/strong> \u2013 Proteger cada carga com tecnologia, gest\u00e3o de riscos e seguro robusto, garantindo tranquilidade aos nossos clientes.<\/p>\n<\/li>\n<li data-start=\"605\" data-end=\"736\">\n<p data-start=\"607\" data-end=\"736\"><strong data-start=\"607\" data-end=\"633\">Excel\u00eancia Operacional<\/strong> \u2013 Buscar efici\u00eancia em cada etapa, com processos \u00e1geis, monitoramento constante e melhoria cont\u00ednua.<\/p>\n<\/li>\n<li data-start=\"737\" data-end=\"872\">\n<p data-start=\"739\" data-end=\"872\"><strong data-start=\"739\" data-end=\"759\">Sustentabilidade<\/strong> \u2013 Reduzir impactos ambientais e investir em pr\u00e1ticas que promovam uma log\u00edstica mais respons\u00e1vel e consciente.<\/p>\n<\/li>\n<li data-start=\"873\" data-end=\"997\">\n<p data-start=\"875\" data-end=\"997\"><strong data-start=\"875\" data-end=\"902\">Valoriza\u00e7\u00e3o das Pessoas<\/strong> \u2013 Reconhecer e capacitar nossos colaboradores, promovendo diversidade, inclus\u00e3o e bem-estar.<\/p>\n<\/li>\n<li data-start=\"998\" data-end=\"1142\">\n<p data-start=\"1000\" data-end=\"1142\"><strong data-start=\"1000\" data-end=\"1025\">\u00c9tica e Transpar\u00eancia<\/strong> \u2013 Manter rela\u00e7\u00f5es baseadas na integridade, no respeito \u00e0s leis e no cumprimento das normas de conformidade e LGPD.<\/p>\n<\/li>\n<li data-start=\"1143\" data-end=\"1283\">\n<p data-start=\"1145\" data-end=\"1283\"><strong data-start=\"1145\" data-end=\"1167\">Parcerias de Valor<\/strong> \u2013 Fortalecer v\u00ednculos s\u00f3lidos com clientes e fornecedores, atuando como verdadeiros aliados no crescimento m\u00fatuo.<\/p>\n<\/li>\n<\/ul>\n","protected":false},"excerpt":{"rendered":"<p>Na OPR Log\u00edstica, entendemos que confian\u00e7a se constr\u00f3i com responsabilidade, transpar\u00eancia e dedica\u00e7\u00e3o di\u00e1ria. Por isso, nossos compromissos refletem a forma [&hellip;]<\/p>\n","protected":false},"author":1,"featured_media":264,"parent":14,"menu_order":21,"comment_status":"closed","ping_status":"closed","template":"page-sustentabilidade.php","meta":{"_acf_changed":false,"footnotes":""},"class_list":["post-228","page","type-page","status-publish","has-post-thumbnail","hentry"],"acf":[],"yoast_head":"<!-- This site is optimized with the Yoast SEO plugin v26.0 - https:\/\/yoast.com\/wordpress\/plugins\/seo\/ -->\n<title>Compromissos - OPR Log\u00edstica | Transporte e Solu\u00e7\u00f5es Log\u00edsticas Inteligentes no Brasil<\/title>\n<meta name=\"robots\" content=\"index, follow, max-snippet:-1, max-image-preview:large, max-video-preview:-1\" \/>\n<link rel=\"canonical\" href=\"https:\/\/oprlogistica.com.br\/site\/sustentabilidade\/compromissos\/\" \/>\n<meta property=\"og:locale\" content=\"pt_BR\" \/>\n<meta property=\"og:type\" content=\"article\" \/>\n<meta property=\"og:title\" content=\"Compromissos - OPR Log\u00edstica | Transporte e Solu\u00e7\u00f5es Log\u00edsticas Inteligentes no Brasil\" \/>\n<meta property=\"og:description\" content=\"Na OPR Log\u00edstica, entendemos que confian\u00e7a se constr\u00f3i com responsabilidade, transpar\u00eancia e dedica\u00e7\u00e3o di\u00e1ria. Por isso, nossos compromissos refletem a forma [&hellip;]\" \/>\n<meta property=\"og:url\" content=\"https:\/\/oprlogistica.com.br\/site\/sustentabilidade\/compromissos\/\" \/>\n<meta property=\"og:site_name\" content=\"OPR Log\u00edstica | Transporte e Solu\u00e7\u00f5es Log\u00edsticas Inteligentes no Brasil\" \/>\n<meta property=\"article:modified_time\" content=\"2025-09-18T12:58:23+00:00\" \/>\n<meta property=\"og:image\" content=\"https:\/\/oprlogistica.com.br\/site\/wp-content\/uploads\/2025\/09\/previa-OPR-9178.jpg\" \/>\n\t<meta property=\"og:image:width\" content=\"2048\" \/>\n\t<meta property=\"og:image:height\" content=\"1365\" \/>\n\t<meta property=\"og:image:type\" content=\"image\/jpeg\" \/>\n<meta name=\"twitter:card\" content=\"summary_large_image\" \/>\n<meta name=\"twitter:label1\" content=\"Est. tempo de leitura\" \/>\n\t<meta name=\"twitter:data1\" content=\"1 minuto\" \/>\n<script type=\"application\/ld+json\" class=\"yoast-schema-graph\">{\"@context\":\"https:\/\/schema.org\",\"@graph\":[{\"@type\":\"WebPage\",\"@id\":\"https:\/\/oprlogistica.com.br\/site\/sustentabilidade\/compromissos\/\",\"url\":\"https:\/\/oprlogistica.com.br\/site\/sustentabilidade\/compromissos\/\",\"name\":\"Compromissos - OPR Log\u00edstica | Transporte e Solu\u00e7\u00f5es Log\u00edsticas Inteligentes no Brasil\",\"isPartOf\":{\"@id\":\"https:\/\/oprlogistica.com.br\/site\/#website\"},\"primaryImageOfPage\":{\"@id\":\"https:\/\/oprlogistica.com.br\/site\/sustentabilidade\/compromissos\/#primaryimage\"},\"image\":{\"@id\":\"https:\/\/oprlogistica.com.br\/site\/sustentabilidade\/compromissos\/#primaryimage\"},\"thumbnailUrl\":\"https:\/\/oprlogistica.com.br\/site\/wp-content\/uploads\/2025\/09\/previa-OPR-9178.jpg\",\"datePublished\":\"2025-09-01T17:31:24+00:00\",\"dateModified\":\"2025-09-18T12:58:23+00:00\",\"breadcrumb\":{\"@id\":\"https:\/\/oprlogistica.com.br\/site\/sustentabilidade\/compromissos\/#breadcrumb\"},\"inLanguage\":\"pt-BR\",\"potentialAction\":[{\"@type\":\"ReadAction\",\"target\":[\"https:\/\/oprlogistica.com.br\/site\/sustentabilidade\/compromissos\/\"]}]},{\"@type\":\"ImageObject\",\"inLanguage\":\"pt-BR\",\"@id\":\"https:\/\/oprlogistica.com.br\/site\/sustentabilidade\/compromissos\/#primaryimage\",\"url\":\"https:\/\/oprlogistica.com.br\/site\/wp-content\/uploads\/2025\/09\/previa-OPR-9178.jpg\",\"contentUrl\":\"https:\/\/oprlogistica.com.br\/site\/wp-content\/uploads\/2025\/09\/previa-OPR-9178.jpg\",\"width\":2048,\"height\":1365},{\"@type\":\"BreadcrumbList\",\"@id\":\"https:\/\/oprlogistica.com.br\/site\/sustentabilidade\/compromissos\/#breadcrumb\",\"itemListElement\":[{\"@type\":\"ListItem\",\"position\":1,\"name\":\"In\u00edcio\",\"item\":\"https:\/\/oprlogistica.com.br\/site\/\"},{\"@type\":\"ListItem\",\"position\":2,\"name\":\"Sustentabilidade\",\"item\":\"https:\/\/oprlogistica.com.br\/site\/sustentabilidade\/\"},{\"@type\":\"ListItem\",\"position\":3,\"name\":\"Compromissos\"}]},{\"@type\":\"WebSite\",\"@id\":\"https:\/\/oprlogistica.com.br\/site\/#website\",\"url\":\"https:\/\/oprlogistica.com.br\/site\/\",\"name\":\"OPR Log\u00edstica | Transporte e Solu\u00e7\u00f5es Log\u00edsticas Inteligentes no Brasil\",\"description\":\"A OPR Log\u00edstica oferece transporte rodovi\u00e1rio, solu\u00e7\u00f5es integradas e gest\u00e3o eficiente para empresas em todo o Brasil. Comprometimento, tecnologia e excel\u00eancia em cada entrega.\",\"potentialAction\":[{\"@type\":\"SearchAction\",\"target\":{\"@type\":\"EntryPoint\",\"urlTemplate\":\"https:\/\/oprlogistica.com.br\/site\/?s={search_term_string}\"},\"query-input\":{\"@type\":\"PropertyValueSpecification\",\"valueRequired\":true,\"valueName\":\"search_term_string\"}}],\"inLanguage\":\"pt-BR\"}]}<\/script>\n<!-- \/ Yoast SEO plugin. -->","yoast_head_json":{"title":"Compromissos - OPR Log\u00edstica | Transporte e Solu\u00e7\u00f5es Log\u00edsticas Inteligentes no Brasil","robots":{"index":"index","follow":"follow","max-snippet":"max-snippet:-1","max-image-preview":"max-image-preview:large","max-video-preview":"max-video-preview:-1"},"canonical":"https:\/\/oprlogistica.com.br\/site\/sustentabilidade\/compromissos\/","og_locale":"pt_BR","og_type":"article","og_title":"Compromissos - OPR Log\u00edstica | Transporte e Solu\u00e7\u00f5es Log\u00edsticas Inteligentes no Brasil","og_description":"Na OPR Log\u00edstica, entendemos que confian\u00e7a se constr\u00f3i com responsabilidade, transpar\u00eancia e dedica\u00e7\u00e3o di\u00e1ria. Por isso, nossos compromissos refletem a forma [&hellip;]","og_url":"https:\/\/oprlogistica.com.br\/site\/sustentabilidade\/compromissos\/","og_site_name":"OPR Log\u00edstica | Transporte e Solu\u00e7\u00f5es Log\u00edsticas Inteligentes no Brasil","article_modified_time":"2025-09-18T12:58:23+00:00","og_image":[{"width":2048,"height":1365,"url":"https:\/\/oprlogistica.com.br\/site\/wp-content\/uploads\/2025\/09\/previa-OPR-9178.jpg","type":"image\/jpeg"}],"twitter_card":"summary_large_image","twitter_misc":{"Est. tempo de leitura":"1 minuto"},"schema":{"@context":"https:\/\/schema.org","@graph":[{"@type":"WebPage","@id":"https:\/\/oprlogistica.com.br\/site\/sustentabilidade\/compromissos\/","url":"https:\/\/oprlogistica.com.br\/site\/sustentabilidade\/compromissos\/","name":"Compromissos - OPR Log\u00edstica | Transporte e Solu\u00e7\u00f5es Log\u00edsticas Inteligentes no Brasil","isPartOf":{"@id":"https:\/\/oprlogistica.com.br\/site\/#website"},"primaryImageOfPage":{"@id":"https:\/\/oprlogistica.com.br\/site\/sustentabilidade\/compromissos\/#primaryimage"},"image":{"@id":"https:\/\/oprlogistica.com.br\/site\/sustentabilidade\/compromissos\/#primaryimage"},"thumbnailUrl":"https:\/\/oprlogistica.com.br\/site\/wp-content\/uploads\/2025\/09\/previa-OPR-9178.jpg","datePublished":"2025-09-01T17:31:24+00:00","dateModified":"2025-09-18T12:58:23+00:00","breadcrumb":{"@id":"https:\/\/oprlogistica.com.br\/site\/sustentabilidade\/compromissos\/#breadcrumb"},"inLanguage":"pt-BR","potentialAction":[{"@type":"ReadAction","target":["https:\/\/oprlogistica.com.br\/site\/sustentabilidade\/compromissos\/"]}]},{"@type":"ImageObject","inLanguage":"pt-BR","@id":"https:\/\/oprlogistica.com.br\/site\/sustentabilidade\/compromissos\/#primaryimage","url":"https:\/\/oprlogistica.com.br\/site\/wp-content\/uploads\/2025\/09\/previa-OPR-9178.jpg","contentUrl":"https:\/\/oprlogistica.com.br\/site\/wp-content\/uploads\/2025\/09\/previa-OPR-9178.jpg","width":2048,"height":1365},{"@type":"BreadcrumbList","@id":"https:\/\/oprlogistica.com.br\/site\/sustentabilidade\/compromissos\/#breadcrumb","itemListElement":[{"@type":"ListItem","position":1,"name":"In\u00edcio","item":"https:\/\/oprlogistica.com.br\/site\/"},{"@type":"ListItem","position":2,"name":"Sustentabilidade","item":"https:\/\/oprlogistica.com.br\/site\/sustentabilidade\/"},{"@type":"ListItem","position":3,"name":"Compromissos"}]},{"@type":"WebSite","@id":"https:\/\/oprlogistica.com.br\/site\/#website","url":"https:\/\/oprlogistica.com.br\/site\/","name":"OPR Log\u00edstica | Transporte e Solu\u00e7\u00f5es Log\u00edsticas Inteligentes no Brasil","description":"A OPR Log\u00edstica oferece transporte rodovi\u00e1rio, solu\u00e7\u00f5es integradas e gest\u00e3o eficiente para empresas em todo o Brasil. Comprometimento, tecnologia e excel\u00eancia em cada entrega.","potentialAction":[{"@type":"SearchAction","target":{"@type":"EntryPoint","urlTemplate":"https:\/\/oprlogistica.com.br\/site\/?s={search_term_string}"},"query-input":{"@type":"PropertyValueSpecification","valueRequired":true,"valueName":"search_term_string"}}],"inLanguage":"pt-BR"}]}},"_links":{"self":[{"href":"https:\/\/oprlogistica.com.br\/site\/wp-json\/wp\/v2\/pages\/228","targetHints":{"allow":["GET"]}}],"collection":[{"href":"https:\/\/oprlogistica.com.br\/site\/wp-json\/wp\/v2\/pages"}],"about":[{"href":"https:\/\/oprlogistica.com.br\/site\/wp-json\/wp\/v2\/types\/page"}],"author":[{"embeddable":true,"href":"https:\/\/oprlogistica.com.br\/site\/wp-json\/wp\/v2\/users\/1"}],"replies":[{"embeddable":true,"href":"https:\/\/oprlogistica.com.br\/site\/wp-json\/wp\/v2\/comments?post=228"}],"version-history":[{"count":3,"href":"https:\/\/oprlogistica.com.br\/site\/wp-json\/wp\/v2\/pages\/228\/revisions"}],"predecessor-version":[{"id":269,"href":"https:\/\/oprlogistica.com.br\/site\/wp-json\/wp\/v2\/pages\/228\/revisions\/269"}],"up":[{"embeddable":true,"href":"https:\/\/oprlogistica.com.br\/site\/wp-json\/wp\/v2\/pages\/14"}],"wp:featuredmedia":[{"embeddable":true,"href":"https:\/\/oprlogistica.com.br\/site\/wp-json\/wp\/v2\/media\/264"}],"wp:attachment":[{"href":"https:\/\/oprlogistica.com.br\/site\/wp-json\/wp\/v2\/media?parent=228"}],"curies":[{"name":"wp","href":"https:\/\/api.w.org\/{rel}","templated":true}]}}